 -5*g = 25, o - c = 2*g + 3*g. What is the tens digit of o?
6
Suppose 615*v = 613*v - 5*m + 64564, 0 = 3*v + 2*m - 96857. What is the units digit of v?
7
Let f(k) = -4*k + 86. Let s be f(20). Suppose s*g - 1755 = g. What is the hundreds digit of g?
3
Suppose 0 = 3543*d - 3542*d - 11156. What is the thousands digit of d?
1
Let k be ((-16)/(-28))/((-12)/14 - -1). Suppose 4*m = 4*s - 1704, -s - 5*m = k*s - 2120. What is the tens digit of s?
2
Suppose -46*z = -11*z + 455. Let y(a) = 7*a - 50. Let f(h) = -7*h + 50. Let p(x) = 6*f(x) + 5*y(x). What is the tens digit of p(z)?
4
Let u(z) = 6*z**2 - z + 5. Let q be u(2). Let m be 72/q*6/4. Suppose 6*p - m*p = 336. What is the units digit of p?
8
Suppose -16*t + 19*t + 792 = 0. Let l = 319 - t. What is the tens digit of l?
8
Suppose -2056 = 2*l + 2*b, -l + 2*b - 775 - 247 = 0. Let d = l - -1572. What is the hundreds digit of d?
5
Let h = 124 + -115. Let p(d) = 5*d**2 - 7*d - 8. What is the units digit of p(h)?
4
Suppose 21*m - 9*m = -408. Let b(r) = -2*r**2 - 75*r - 38. What is the units digit of b(m)?
0
Let x = -4780 - -25138. What is the units digit of x?
8
Suppose f - 47406 = -4*b, 25*f + 2*b = 23*f + 94764. What is the hundreds digit of f?
3
Suppose 7*b = 23 + 54. Suppose -b*k = 4*k - 1545. What is the tens digit of k?
0
What is the ten thousands digit of 43/((-817)/(-2793))*89?
1
What is the ten thousands digit of (8 + 29/(-4))/(5037945/(-839660) - -6)?
4
Suppose 0 = p - 3*t - 376, -2*t + 0*t + 1574 = 4*p. Let a = p + -140. Suppose 4*m - a - 249 = 0. What is the tens digit of m?
2
What is the tens digit of 13/((-39)/(-45)) + 25754?
6
Let t be 41146/(-63) - 1/(-9). Let c = -280 - t. Suppose -13*m + c = -927. What is the tens digit of m?
0
Let z(x) = -182*x**3 - 2*x**2 - 4*x - 3. Let s be z(-1). Suppose -u + s + 141 = 0. What is the tens digit of u?
2
Suppose -5*t = l - 5, 3*t + 51 = -l + 4*l. Let b(n) = -n**2 + 15*n + 4. Let i be b(l). Suppose -9*v + i*v = -115. What is the units digit of v?
3
Let v = -23467 - -31638. What is the units digit of v?
1
Suppose 6*u = 5*u + r + 5266, -5*r = 5. What is the tens digit of u?
6
Let y(q) = q**3 + 17*q**2 - 249*q + 96. What is the tens digit of y(25)?
2
Let x = 65 - 51. Let i = x + -8. What is the tens digit of ((-10)/i - -1) + 1905/9?
1
Suppose 15*m = -2*q + 12*m + 9495, 0 = -2*q + 2*m + 9480. What is the units digit of q?
3
Let q(d) = d**2 - 27*d - 148. Let z be q(32). Suppose 3*n = -z, 7*y + 4672 = 11*y + 2*n. What is the tens digit of y?
7
Let d = 22 - 27. What is the hundreds digit of (-1789)/d - (-76)/(-95)?
3
Let k = -83413 + 142619. What is the units digit of k?
6
Suppose -8*b - 216450 = -12*b - 21*b. What is the tens digit of b?
5
Suppose 0*m + 30544 = 2*m - 5*j, -2*j = m - 15263. What is the units digit of (3/(-9))/((-8 - -1)/m)?
7
Let s(n) = n**2 + 20*n + 25. Let z be s(-19). Suppose z*l - 119 = -1517. Let q = -125 - l. What is the units digit of q?
8
Let s = 21597 + -1812. What is the units digit of s?
5
Let w = 9901 - 4894. What is the thousands digit of w?
5
Let h(w) = 5*w**2 - 9*w + 105. What is the tens digit of h(10)?
1
Suppose 138*b = 145*b - 42. Suppose 7 + 2363 = b*x. What is the hundreds digit of x?
3
Suppose 0 = 2*c + 49 - 59. Suppose -c*i - k = -987, -6*i + k = -2*i - 786. What is the units digit of i?
7
Suppose -36*m + 14*m - 242 = 0. Let l(f) = f**3 + 17*f**2 + 10. What is the tens digit of l(m)?
3
Suppose 0 = 7*l + 3*l - 93250. Suppose -l = -6*x + 221. What is the units digit of x?
1
Suppose -6*a + 2*q = -3*a + 353, 4*q - 230 = 2*a. Let z = -44 - a. Let w = z - -40. What is the hundreds digit of w?
1
Suppose 4*q - 6*o = 6222, 26*q + o = 22*q + 6187. What is the units digit of q?
8
Let b(x) = -x**2. Let n(u) = -9*u**2 + 6*u - 1. Let s(c) = 3*b(c) - n(c). Let w be s(5). Suppose -2*i = -w + 19. What is the units digit of i?
1
Suppose r + 3*k = 26, 4*r + 3*k - 122 = -0*r. Let a be 3/(20/r + 1/(-4)). Suppose -a*j - 9*j + 1496 = 0. What is the tens digit of j?
8
What is the ten thousands digit of (1 - 63911/(-6) - 3/(-18)) + -4?
1
What is the hundreds digit of 5*(-90)/(-25)*(-2 + 4398/4)?
7
Suppose 13308 = 4*v + 2*u + 2*u, -4*v = 5*u - 13303. Let g = v + -2346. What is the hundreds digit of g?
9
Let x = 61257 - 31789. What is the hundreds digit of x?
4
Let v = -130 - -127. What is the tens digit of 3*(v - 276/(-4))?
9
Let x(w) = 336*w - 2157. What is the tens digit of x(19)?
2
Let u(x) = -x**3 - 37*x**2 - 70*x + 3. Let y be u(-35). Suppose -5*n + 699 + 142 = -4*f, -y*n = -5*f - 515. What is the units digit of n?
5
Let c = 346 - 244. Let i = 77 - c. What is the units digit of (15/i + (-56)/(-10))*13?
5
Suppose 786656 = -37*x + 99*x - 36*x. What is the tens digit of x?
5
Suppose -44*u = -2*u - 515674 - 240074. What is the units digit of u?
4
Let c(g) = g**3 + 26*g**2 - 15*g + 10. Let z be c(-26). Suppose -z + 46 = -r. What is the tens digit of r?
5
Suppose -1028 = -2*w - 2*a, -w - 9*a + 520 = -5*a. What is the units digit of w?
2
Let d be (-2)/1*(-27)/72*12. Suppose -1718 = d*j - 6677. What is the units digit of j?
1
Let r be ((-4)/11)/((-24)/132). Suppose -3*u + 9 = r*d, u = -5*d + 7*d + 3. What is the tens digit of 2/u + 388/12?
3
Suppose -8058 = -v + j, 42*v - 40*v = 7*j + 16091. What is the tens digit of v?
6
Suppose 0 = 3*v - 21 - 15. Suppose 0*x + x = -2*z + v, 5*x + 4*z = 30. Suppose -12 = -k - x*c, -5*c = k - 0*k - 24. What is the units digit of k?
4
Suppose -2*k - 100614 = -4*q, 210*q - 208*q - 50287 = -3*k. What is the thousands digit of q?
5
Let l(p) = p**3 + 3*p**2 - 8*p - 8. Let r be l(7). Let c = 238 + r. What is the hundreds digit of c?
6
Let y = -207 - -216. What is the tens digit of (-4)/18 + y/81*2198?
4
Suppose -34*r + 32*r - 28 = 0. What is the tens digit of (-4752)/r + 28/49?
4
What is the hundreds digit of (-230)/10 - -36 - -54325?
3
Suppose 0 = -3*s - 4*i + 52193, s + 5*i = 3*i + 17401. What is the units digit of s?
1
Suppose 0 = 4*p - h - 2290, 0*p + 2*h = -p + 568. Suppose 1508 = 9*z + p. What is the tens digit of z?
0
Let p = -37 - -9. Let a be p/(-7) + 11*-1. What is the units digit of 2/a - (-1194)/14?
5
Let t be 20/6*6 - (2 - 3). Let z be t/(-14)*(-4)/3. Let v = z + 22. What is the tens digit of v?
2
Let c = -17 - -10. What is the thousands digit of (-1 - -2) + (3 - (c - 1058))?
1
Suppose 2*p - 16 = -v - 0, 0 = -4*v + 2*p + 74. Suppose -2*q - 4*q = -v. Suppose -q*n - 140 = -5*n. What is the tens digit of n?
7
Suppose 68*t - 13*t = 325435. What is the tens digit of t?
1
Let i be (200/(1 + -6))/(-2). Suppose -5*a + 4*f + 180 + 29 = 0, 0 = -5*f + i. What is the units digit of a?
5
Let g = 186 + -185. Let w(n) = 27*n**3 + 2*n**2 - 4*n + 1. What is the tens digit of w(g)?
2
Suppose -2*w = 5*o - 287461, 4*o + 42*w = 47*w + 229982. What is the tens digit of o?
9
Let q(k) = 30117*k**2 - 21*k + 20. What is the hundreds digit of q(1)?
1
Let h = 6568 + 5342. Suppose -105*p - h = -115*p. What is the thousands digit of p?
1
Suppose -2*g = f - 80, -2*g - 5*f = -0*g - 72. Let w = 42 - g. What is the tens digit of 1/(2/(w - -121))?
6
Let v(y) = y**2 + y + 1498. Let r(u) = -2*u**2 - 2*u - 2993. Let g(k) = -6*r(k) - 11*v(k). What is the thousands digit of g(0)?
1
Let f be ((-15655)/62)/(1/(-2)). Let l be 1/(1/1) - -4. Suppose 3*j = -k - 0*j + 120, -f = -l*k + 4*j. What is the units digit of k?
5
Let k(l) = -531*l + 869. What is the units digit of k(-19)?
8
Suppose -15*j = -19*j - 504. Suppose -13*k = -17*k + 1000. Let p = j + k. What is the tens digit of p?
2
Let a = -379 + 1826. What is the hundreds digit of a?
4
Suppose 65*j - 67*j = 0. Suppose -6*v + 617 + 541 = j. What is the tens digit of v?
9
Suppose -38*c = -114968 - 1390820. What is the ten thousands digit of c?
3
Suppose -87 = 4*i + 25. Let k = i - -30. What is the hundreds digit of (1/k)/((-11)/22) + 124?
1
Let d be 78*((-3)/2 - (-17 + 15)). Let n = -40 + d. Let k(o) = -13*o**3 + o**2 + o + 1. What is the tens digit of k(n)?
1
Let g(t) = -15 - 2*t + 9*t + 16*t + 2*t**2 + 0*t. What is the hundreds digit of g(-16)?
1
Let c(j) = j**2 - 14*j + 24. Suppose -108 = -n - 3*u, -2*u - 13 - 95 = -n. Let d = -91 + n. What is the tens digit of c(d)?
7
Suppose 4*w - 4748 = -3*c + 89457, -c + 47099 = 2*w. What is the units digit of w?
6
Let w(v) = -13*v**2 + 5*v + 4. Let l be w(-5)